{"id":14,"date":"2023-08-23T14:40:34","date_gmt":"2023-08-23T14:40:34","guid":{"rendered":"https:\/\/buechereifurore.blackblogs.org\/?page_id=14"},"modified":"2023-08-23T14:40:34","modified_gmt":"2023-08-23T14:40:34","slug":"kontakt","status":"publish","type":"page","link":"https:\/\/buechereifurore.noblogs.org\/?page_id=14","title":{"rendered":"Kontakt"},"content":{"rendered":"\n<p>Buchheimer Stra\u00dfe 20b, 51063 K\u00f6ln-M\u00fclheim <\/p>\n\n\n\n<p>Mail: buechereifurore@riseup.net<\/p>\n\n\n\n<p><\/p>\n","protected":false},"excerpt":{"rendered":"<p>Buchheimer Stra\u00dfe 20b, 51063 K\u00f6ln-M\u00fclheim Mail: buechereifurore@riseup.net<\/p>\n","protected":false},"author":20977,"featured_media":0,"parent":0,"menu_order":0,"comment_status":"closed","ping_status":"closed","template":"","meta":{"footnotes":""},"class_list":["post-14","page","type-page","status-publish","hentry"],"_links":{"self":[{"href":"https:\/\/buechereifurore.noblogs.org\/index.php?rest_route=\/wp\/v2\/pages\/14","targetHints":{"allow":["GET"]}}],"collection":[{"href":"https:\/\/buechereifurore.noblogs.org\/index.php?rest_route=\/wp\/v2\/pages"}],"about":[{"href":"https:\/\/buechereifurore.noblogs.org\/index.php?rest_route=\/wp\/v2\/types\/page"}],"author":[{"embeddable":true,"href":"https:\/\/buechereifurore.noblogs.org\/index.php?rest_route=\/wp\/v2\/users\/20977"}],"replies":[{"embeddable":true,"href":"https:\/\/buechereifurore.noblogs.org\/index.php?rest_route=%2Fwp%2Fv2%2Fcomments&post=14"}],"version-history":[{"count":0,"href":"https:\/\/buechereifurore.noblogs.org\/index.php?rest_route=\/wp\/v2\/pages\/14\/revisions"}],"wp:attachment":[{"href":"https:\/\/buechereifurore.noblogs.org\/index.php?rest_route=%2Fwp%2Fv2%2Fmedia&parent=14"}],"curies":[{"name":"wp","href":"https:\/\/api.w.org\/{rel}","templated":true}]}}